) + 3). What is the units digit of v(g)?
3
Suppose 5*i - 239 = 116. What is the units digit of i?
1
What is the units digit of (-1 - -14)/(3/3)?
3
Let y(k) = 20*k**3 + 2*k + 1 - 5*k + 2*k + k**2. Let o be y(1). Suppose -4*a - o = -3*v, 7 = v - 3*a - 5. What is the units digit of v?
3
Let l(n) = -34*n + 4. What is the hundreds digit of l(-3)?
1
Let o = 571 - 284. What is the tens digit of o?
8
Suppose c + 2 = -1. What is the units digit of (c - -9) + (5 - 5)?
6
Let x = -162 - -334. What is the hundreds digit of x?
1
Suppose -7*q = -4*d - 3*q + 36, 3*d - 7 = -2*q. Suppose -2 - 2 = 4*p, 0 = 3*c + d*p - 16. What is the units digit of c?
7
Let r(o) be the third derivative of o**6/120 + o**5/60 - o**4/24 + o**3/3 - 2*o**2. Let j be r(0). Suppose 0 = -j*k - k + 18. What is the units digit of k?
6
What is the units digit of (54/(-40) - (-6)/10)*-264?
8
Let c(q) = -q**2 - 3*q + 2. Let w be c(-3). Suppose w*f + 4 = -0*f, -3*h - 3*f = 6. Suppose -5*o - 9 + 29 = h. What is the units digit of o?
4
Let z be (-3)/(-6) - 458/(-4). Suppose 4*p + p + l = -z, -2*l + 106 = -4*p. What is the tens digit of (6/9)/((-1)/p)?
1
Suppose -3*i = 5*m - 431, m = 5*i + 45 - 810. What is the hundreds digit of i?
1
What is the units digit of (1 - -1)*(-23)/(-2)?
3
Let y = 49 - 23. What is the tens digit of y?
2
Let a(o) = 12*o + 5. What is the units digit of a(4)?
3
Let q = 20 - 18. Suppose -q*n = 2 - 50. What is the units digit of n?
4
Let f = -185 + 348. What is the tens digit of f?
6
Let h(l) = -11*l**3 - 2*l**2 - l. Let w be h(-1). What is the units digit of (48/10)/6*w?
8
Let c(a) = -a**2 + 4*a + 2. Suppose -4*h = 158 - 30. Let q be h/(-20)*(-5)/(-2). What is the units digit of c(q)?
2
Suppose i = -0*i. Suppose 3*u + 2*u - 10 = i. Suppose -h + u = -9. What is the tens digit of h?
1
Let d(l) = 3*l + 1. Let b be d(-1). What is the tens digit of (-2)/((4/11)/b)?
1
Let q(t) = t**2 + 3*t - 8. Let n be q(-5). What is the units digit of n/11 - (-1149)/33?
5
Suppose -3*z = -z + 6. What is the tens digit of (5 - 6)*(-44 - z)?
4
Let z(c) = -c**3 - c - 3. Let h be z(0). Let o = 19 - 33. Let b = h - o. What is the tens digit of b?
1
Suppose 0*r + 10 = -2*r. What is the units digit of (28/r)/((-2)/5)?
4
Let v(p) = -p**3 + 8*p**2 - 5*p - 10. Let j = 1 - -1. Let h be 9 - (2 - j - -2). What is the units digit of v(h)?
4
Suppose 0 = 2*m + 14 - 124. Let s = -11 + m. What is the tens digit of s?
4
Let d = 48 - 27. What is the tens digit of d?
2
Let j(t) = t**2 - t + 13. Let q(u) = u**3 + 10*u**2 + 6*u - 13. Let x be q(-9). Let v be (-1 - -1)*7/x. What is the units digit of j(v)?
3
Suppose 3*z - 1167 = 5*s, -2*s = 4*z + 63 - 1593. What is the units digit of z?
4
Let i = 19 + -9. Suppose -i = -4*r - 2. What is the units digit of r?
2
Let l(b) = b**3 + 6*b**2 + 3*b - 2. Let f be l(-5). Let h be (-2 - -1)*f/(-1). Let n = h + -4. What is the units digit of n?
4
Suppose -8*a + 6*a = 0. Suppose h = a, 0*h = -4*b + 3*h + 28. What is the units digit of b?
7
Let c be (3 + -2)*2*2. Let n(o) = 5*o + 4. What is the tens digit of n(c)?
2
Suppose 17 = 5*i - 198. Let c = -25 + i. What is the units digit of (-1 - c)/((-4)/4)?
9
Let q = 3 - -1. Let k be (-9)/3*q/(-6). Suppose -k*l - 5 - 3 = 0, -16 = 4*b + 5*l. What is the units digit of b?
1
Suppose -4 = -3*h + 4*z - 0, 5*h - 1 = z. Suppose h = c - 3*t - 18, 0 = 3*c - 2*t - 9 - 24. What is the units digit of c?
9
What is the units digit of ((-3)/3)/(3*(-1)/129)?
3
Suppose 0 = -2*a + 63 + 31. What is the tens digit of a?
4
Let z(s) = -s**2 - 9*s - 5. Let u(c) = -c**3 + 6*c**2 - c - 2. Let p be u(6). Let a be z(p). What is the units digit of 3/9 + 5/a?
2
Suppose 5*q + 69 = -26. Let h = q - -61. What is the tens digit of h?
4
Let o = 12 + -8. Suppose 0 + o = 2*u. What is the units digit of (u - -2)/(2/5)?
0
Suppose -52 - 51 = -m. What is the hundreds digit of m?
1
Let y(n) = n**2 - 3*n + 279. What is the units digit of y(0)?
9
Suppose 2*w - w - 33 = 5*a, 5*a + 31 = 2*w. Let l be (-19)/a - (-4)/14. Suppose 0 = 3*b - h - 51, l*h - 35 = -4*b + 33. What is the units digit of b?
7
Let o = 7 - 4. Let v = 8 - o. Suppose v*p - 65 = -5*i, 0 = i + 2*p + 7 - 21. What is the units digit of i?
2
Suppose 4*y + 47 = 5*w - 0*y, y + 31 = 4*w. What is the units digit of w?
7
Suppose 0 = -5*x + x + 32. Suppose 0 = 4*b + 3 - 7. What is the units digit of b - 2 - (1 - x)?
6
Let l(x) = 4*x. Suppose 23 = 5*u + 4*t - 6, 4*t + 21 = 5*u. What is the units digit of l(u)?
0
Let p = -6 + 10. Suppose -4 - p = -j. What is the units digit of j?
8
Suppose -g - 3*g = 0. Let o(z) = g*z + 2 + 8 + 0*z - z. What is the units digit of o(6)?
4
Let y = 78 - 36. What is the tens digit of y?
4
Suppose 0 = 4*y + 3*z - 397 - 441, 0 = 5*y - 5*z - 1065. What is the tens digit of y?
1
Suppose q + 5*s - 8 = 16, 64 = q - 5*s. What is the units digit of q?
4
Suppose 0*d - 4*k = -2*d, -14 = -d - 5*k. Suppose -d*x - n = -21, 5*n - 8 = -x + 2*n. What is the units digit of (x + -2 - 5)*-2?
4
Let k = 46 + -20. What is the tens digit of k?
2
Let u = -521 - -752. What is the tens digit of u?
3
Let b be ((0 - 1)*0)/1. Let y = b + 16. What is the units digit of -4*4/(y/(-5))?
5
Suppose -5*j + h = 33, 4*j + 5*h + 9 = -0. What is the units digit of (j/8)/(2/(-24))?
9
Let q(u) be the first derivative of u**2 - 7*u - 2. Let i be q(5). Suppose 0 = i*l - l - 40. What is the units digit of l?
0
Let q(g) = 4 + 2 + g**2 + 7*g + 2 - 2. Let h be q(-4). What is the units digit of 16/h*(-3)/2?
4
Suppose z + 40 = -3*l, 2*l + 50 = -l + 4*z. Let u = l - -28. What is the units digit of u?
4
Let d(v) = 8*v - 81. What is the units digit of d(20)?
9
Let x(d) = 65*d + 17. What is the hundreds digit of x(5)?
3
Let c = -6 - -3. What is the units digit of 2/((-14)/(-4) + c)?
4
Let i = 14 + -2. Suppose 3*l - 12 = i. What is the units digit of l?
8
Suppose -7*k = 112 - 574. What is the tens digit of k?
6
Let h(f) = f**3 + 12*f**2 + 1. What is the units digit of h(-12)?
1
Suppose j - 5*d = 3*j, d = 2*j. Let b(r) = r**3 - r**2 + r + 3. What is the units digit of b(j)?
3
What is the tens digit of (6/4)/(15/920)?
9
Suppose -4*b - 5*f = -206, -154 = -3*b + 2*f - 6*f. Suppose 20 = -2*x + b. What is the units digit of x?
7
Suppose 3*m = 2*m + 13. What is the tens digit of m?
1
Suppose -2*p = 0, 451 - 64 = 3*r + 3*p. What is the tens digit of r?
2
Let w(x) = -2 + 8*x**2 - 2*x**3 - x**2 + x + x**3 + 0*x. What is the units digit of w(7)?
5
Suppose 0 = 3*q - 1 - 8. Suppose 0 = -p - q*m + 23, -9 + 27 = p - 2*m. Suppose x + 0*n + 5*n - 2 = 0, -x + 4*n + p = 0. What is the tens digit of x?
1
Let j be 1 - -22 - (0 + 4). Let l = j + 13. What is the units digit of l?
2
Suppose b = -3*j - 4*b - 23, b = -1. Let q = j - -8. What is the units digit of q?
2
Let t be 4 + 0 + (-8)/2. Suppose t = -2*s + 25 + 7. What is the units digit of s?
6
Let u(g) be the second derivative of g**6/360 - g**5/30 + 5*g**4/24 - g**3/6 + g. Let s(m) be the second derivative of u(m). What is the units digit of s(4)?
5
Let t = -38 + 18. Let d = 31 + t. What is the units digit of d?
1
What is the units digit of (2 - (1 - -2))*(1 - 90)?
9
Suppose -5*c - 2*x = -188, -4*c = 3*x - 167 + 11. What is the tens digit of c?
3
Let r(l) = l**2 - 8*l + 18. What is the units digit of r(11)?
1
Let h(w) = -w**2 - 6*w - 2. Let y be h(-4). Let x = 2 + y. What is the units digit of x?
8
Let y(r) = r + 2. Let l be y(6). Suppose 2*b - 3*b + 22 = -3*x, l = b + 4*x. What is the units digit of b?
6
Let y(w) = -2*w**2 - 6*w - 3. Suppose 2*j = -1 + 3. Let o(k) = k**2 + k + 1. Let i(d) = j*y(d) + o(d). What is the units digit of i(-4)?
2
Let a(d) = -6*d**2 + 10*d - 3*d**3 + 0*d**3 - 5*d**2 + 6 + 4*d**3. Let u be a(10). Suppose 4*j = 7*j - u. What is the units digit of j?
2
Let v(b) = -25*b**3 + 3*b - 3. What is the tens digit of v(-2)?
9
Suppose 5*g - 11 + 1 = 0. Suppose 13 = -g*a - 2*i - 3, -5*i + 68 = -4*a. What is the units digit of 1/((-3)/a - 0)?
4
Let n = 9 + -3. What is the units digit of (39/n)/((-1)/(-2))?
3
Suppose 2*l + 6 = 204. What is the tens digit of l?
9
Let b be 3 - (0 - 0/(-1)). Let k = -3 + b. Suppose k = v - 9 + 3. What is the units digit of v?
6
Let m(g) = 3*g**2 - 10*g - 4. What is the tens digit of m(-8)?
6
Let y be -1*(-1 + 2 + 5). Let x(c) = -c - 4. Let q be x(y). What is the units digi